
Calculate (-4 - -1) + (0 - -3) + 3.
3
What is the value of 18 + -15 + (1 + 0 - 5)?
-1
-3 - 0 - (-3 + (4 - 6))
2
What is the value of 5 + (-4 - 1) + -5 + 11?
6
Evaluate -1 - ((-1 - 4) + (6 - -4)).
-6
What is the value of -6 + -4 + 5 + 4?
-1
What is 1 - 10 - (3 + -6 + -1)?
-5
0 + -5 + (5 - 1)
-1
Calculate -10 + 6 + (-3 - -1) + 1.
-5
What is the value of -16 + 16 - (0 - (-2 + 2))?
0
Evaluate 5 + -6 + 5 - (0 - -3).
1
What is -3 - (-2 - (-1 - (-1 - -1)))?
-2
Calculate 4 - (1 - (2 - 5) - 5).
5
Calculate -4 - -16 - (2 - -5).
5
13 + -4 + -6 + (3 - -2)
8
What is -6 + (-8 - -11) + 5?
2
What is the value of (0 - 3) + (16 - 4 - 4)?
5
What is 2 - (6 - (3 - 2))?
-3
-1 - -5 - (-12 + 7 + 11)
-2
1 + 2 + 0 + 8 + -5
6
What is -26 + 23 + (6 - 1)?
2
(4 + -1 - 4) + 3
2
Calculate -1 + -4 - -2 - 0.
-3
What is the value of (0 - 1 - -2) + 5 + -9?
-3
Calculate 1 - (3 + 5) - (1 - 3).
-5
What is (4 - 2 - -2) + 0 + -2?
2
What is the value of 11 + -13 + 2 + -10?
-10
What is the value of 5 + -5 + -2 + -1?
-3
Calculate 0 + (4 - ((7 - 5) + 5)).
-3
Evaluate (16 - 21) + (-3 + 5 - -2).
-1
What is the value of 11 - (-4 - (-12 - -2))?
5
What is the value of (2 - 6) + 11 + -6?
1
Calculate -11 + -2 - (-9 - -17 - 13).
-8
What is the value of (10 - (3 + 2)) + -3 + -9?
-7
-1 + -2 + (-3 - -6) - 2
-2
Calculate 7 + (0 - (-3 - -3)) + -3.
4
(-4 - 1 - 0) + (-88 - -93)
0
What is the value of 4 - (18 + -3 - (3 - -5))?
-3
Evaluate -23 + 18 + -1 + 0 + 8.
2
What is the value of (-1 - -8) + -1 + 1 + -5?
2
Calculate (0 + 15 - (44 + -36)) + -5.
2
What is 3 - ((3 + 2 - 1) + -4)?
3
Calculate 2 - (-2 + 2 + 2).
0
What is the value of -2 - (4 - (0 + 3)) - -3?
0
What is 4 + -7 + (0 + -2 - -2)?
-3
Calculate (-10 - (-17 + 0)) + -3.
4
What is the value of 7 + -2 - 6 - 2 - -2?
-1
Calculate 2 + 0 + (-1 - (-10 + 10)).
1
Evaluate (-1 - -4) + -5 + 1.
-1
Evaluate -8 - -5 - -2 - -4.
3
What is -5 - -6 - (-3 + 1)?
3
What is (0 - -14) + (18 - 26)?
6
Calculate -2 + 1 - (-7 - -9) - 1.
-4
What is 5 + -1 - 5 - 4?
-5
4 + -3 + 8 - 7
2
Calculate (-3 - (-1 - (0 + 0))) + 4.
2
-8 - (-5 - -3 - (0 - -1))
-5
Evaluate 13 + -1 - (93 + -72).
-9
Evaluate -5 - (4 - (16 - 4)).
3
Evaluate -4 + (-1 - (-5 + 2)) + 2.
0
-7 - (-4 - -2 - -1)
-6
Calculate -5 - (-6 + 0 - -4).
-3
What is 0 + (-1 - -16) + (-2 - 5)?
8
10 - 9 - (2 + 2)
-3
Evaluate 16 + (-4 - (13 + -7)).
6
Evaluate -2 + (-1 + -8 - -16).
5
0 + (1 - 2) + -3
-4
What is the value of 2 - (1 + (5 - 2))?
-2
-1 + 3 + 0 + -3 + -1
-2
What is the value of -2 - 1 - (-8 + 12) - -2?
-5
(2 + -3 - -2) + -4
-3
What is 3 + -9 + (-10 - -11)?
-5
2 + -5 + (2 + 3 - 6)
-4
-10 + (19 + 3 + -10 - 7)
-5
2 + -10 + 1 + 9
2
-7 - -11 - (-1 + 4 + 0)
1
Evaluate 1 + (3 - 3) + -2 + 4.
3
Calculate 6 + -6 + -3 + -2 - -3.
-2
What is the value of (-1 - (-2 - 0)) + -6?
-5
Calculate -2 - 8 - (-8 + -1).
-1
Calculate 3 + -1 + -3 + 5.
4
What is the value of (7 - 2) + (-18 - -14)?
1
Evaluate 3 - ((0 - -2) + (5 - 3)).
-1
Calculate 1 + (-5 - -12) + -10.
-2
-1 + -15 + 9 - 0
-7
-5 + 3 + -2 + -40 + 43
-1
Evaluate 2 + (4 - (3 + 1 + -1)).
3
What is the value of -7 + (0 + 4 + -6 - -3)?
-6
Calculate -1 - ((9 - 6) + -10).
6
What is 6 + 1 + -3 + 7 + -5?
6
Evaluate -7 + (6 - 4) + 1.
-4
What is the value of 0 + -2 + (-2 - 1)?
-5
-4 - (-5 + 0 - (29 - 31))
-1
What is -1 - -7 - ((-12 - -6) + 6)?
6
Evaluate -12 + -7 + 8 - -4.
-7
What is the value of -4 + (-12 - 0) + 24?
8
(21 - (3 + 16)) + 1 + 4
7
Calculate 4 + (9 - 19) + 14.
8
2 - (-3 + 5 + -2)
2
Evaluate 4 + 1 + (6 + -2 - 13).
-4
What is 3 - (-5 - -13 - (-2 + 2))?
-5
Calculate 0 + (-4 - (-2 + 9 + -4)).
-7
What is the value of 3 + (1 - (6 - 2)) + 5?
5
What is -4 - ((6 - -1) + -19 + 1)?
7
Calculate (-1 - -3 - 0) + 2.
4
1 + -1 + -6 + (0 - -2)
-4
Evaluate (0 - (0 - -1)) + 2.
1
-2 + (-2 - -3) - (-1 - 5)
5
What is the value of -1 + -8 + (7 - (5 + -1))?
-6
Calculate -5 + 3 + (1 - 2).
-3
What is the value of -12 + -6 + 18 + 1 + 3?
4
Calculate 15 + -16 + (-2 - 0).
-3
What is the value of (-2 - 2) + (-4 - -4)?
-4
What is (-3 - 3) + 6 - 2?
-2
Calculate 3 + -5 + 10 - (10 + -6).
4
Evaluate -11 - -4 - -5 - -6.
4
4 + -3 + (13 - 5) + -15
-6
Evaluate -5 - (2 + -9 + 6).
-4
What is the value of (21 - 19) + (4 - 2) + -2?
2
What is the value of (-6 - (-4 - -2) - 8) + 4?
-8
Evaluate (-4 - 0) + -1 + 8.
3
-5 + 3 + -4 + -17 + 14
-9
0 + -3 + (3 - 8 - -6)
-2
Calculate (-13 - (1 - 5) - -4) + -1.
-6
Evaluate -4 + 4 - -2 - (1 - 0).
1
Evaluate 12 + 1 + -1 + -12.
0
-3 + (-2 - -9) - 4
0
Calculate -9 + (13 - 6) + 1 + 2.
1
Calculate (-9 + (2 - -2) - 1) + 4.
-2
Evaluate 4 - (-8 - (1 + -14)).
-1
Evaluate 1 + (0 - 8) + -2 + 5.
-4
What is 1 - (4 + -3) - (-1 - -1)?
0
Calculate 4 + 0 - (8 + 4).
-8
What is the value of 4 - (0 + 0 + -1)?
5
What is -1 - 7 - (25 + -33)?
0
-3 + -6 - (4 - 8)
-5
Calculate (-5 + 14 - 4) + 0.
5
(-1 - -4 - 3 - 0) + -4
-4
6 + 1 + 5 + -8 + 3
7
Evaluate (13 - 10) + -10 + 2.
-5
Evaluate 11 + -20 - -5 - (-1 + 1).
-4
Evaluate 0 - -4 - (3 + 4 - 3).
0
Calculate 7 + (-6 - -1) + -11.
-9
Evaluate -10 - -3 - 7 - -9.
-5
Calculate -7 - (5 + -3 + (6 - 6)).
-9
What is (5 - 9) + (2 - -2)?
0
-2 - (-8 + 4) - 4
-2
What is 2 + -2 + 4 + (0 - 0)?
4
What is the value of -1 - ((-3 - (-5 - -3)) + 2)?
-2
What is the value of (2 - (13 - 5)) + (2 - -1)?
-3
What is the value of (11 + -2 - 2) + -6?
1
What is 3 - (-1 + (-2 - (-3 + -2)))?
1
-2 - 0 - (-6 + (1 - -1))
2
Calculate 3 - (-5 + 1 + 10).
-3
What is 2 + -1 + 0 - (31 - 33)?
3
(3 - (5 - 2)) + 5
5
Calculate 0 - -2 - (16 - 8).
-6
-8 - (-11 + -6) - 7
2
Calculate -1 - 3 - (7 - 15).
4
Calculate (0 - 4) + 10 - 1.
5
Calculate -10 + (8 - 7) + 7.
-2
4 - (-10 + -4 + 18)
0
(-65 - -71) + 1 + -14
-7
What is the value of -29 - -25 - (1 - 2)?
-3
What is the value of -14 + 18 + -12 + 15?
7
Calculate -10 + (7 - (3 - 4) - 0).
-2
What is 4 + (-1 - -1) + -12?
-8
What is ((4 - 2) + 2 - 2) + -1?
1
Calculate 2 + 4 - (6 + -5).
5
What is the value of 3 + (-4 - (-2 - -1))?
0
0 - (11 - 12) - (-7 - -1)
7
3 + -8 + (1 - -3)
-1
Calculate -8 - -3 - -5 - 2.
-2
What is the value of 5 - ((-1 - -5) + (-3 - -4))?
0
(-3 - 4 - -6) + (-2 - -1)
-2
Evaluate 3 + 1 + -1 + 1 + -3.
1
Calculate (-7 - (6 - -2)) + 12.
-3
3 - 3 - 5 - -2
-3
Evaluate (4 - (-4 - 0)) + 3 + -7.
4
What is the value of -3 - (2 - -2) - (4 - 9)?
-2
-3 - (1 + 5) - -4
-5
Calculate 4 - (-6 - 1) - 16.
-5
What is 1 - (1 - -11) - -12?
1
(-5 - (-1 + 1)) + 11
6
What is the value of 3 - 2 - (0 + 1 - 2)?
2
Calculate 6 - (0 - (-9 - 0)).
-3
What is the value of 5 + (4 + 6 - 4)?
11
-3 + (3 - 2) - (1 + 1)
-4
Evaluate (0 - -3) + -10 - (37 - 41).
-3
Evaluate (-1 - -9) + -11 + 10 - 0.
7
9 - (12 + 6 + -17)
8
What is the value of 9 - 2 - 6 - (1 - 5)?
5
13 + (2 + -3 - (-6 - -10))
8
Evaluate -1 + 6 + (-2 - 0).
3
Calculate 1 - (5 + -7 + 3).
0
What is the value of -5 - ((-3 - -4) + -7)?
1
-6 + 8 - (2 - (-3 + 0))
-3
What is -31 + 22 - (3 - (6 + 1))?
-5
Evaluate 4 - (4 + 5) - -8.
3
What is the value of (-2 + 5 - 8) + 6?
1
Calculate (-1 - -2) + (4 - -13 - 14).
4
Evaluate (-18 - -11) + 4 + 0.
-3
Calculate -5 + 9 + (-1 - 1) + -7.
-5
What is the value of (8 - 3 - 6) + 3?
2
What is the value of -6 - (-10 - (-7 - -2))?
-1
Evaluate -7 - (1 + -10) - -6.
8
Calculate 0 - (4 + 4 + -11).
3
Evaluate (-17 - -1) + -26 + 17 + 16.
-9
Evaluate (207 - 195) + (1 - 20).
-7
Evaluate 7 - (6 - 1) - (0 + -1).
3
What is the value of 4 - (-18 + 8 + 6)?
8
3 + (1 - (7 - 1) - -2)
0
Calculate 5 + -7 - (-6 + 4).
0
What is the value of (3 + -14 - -9) + -1?
-3
What is (-7 + 2 - (-14 + 11)) + -4?
-6
What is the value of -1 + (-1 - 6 - -4)?
-4
Evaluate -4 + 3 + (6 - 3).
2
Calculate 8 + 0 + 7 + 0 + -10.
5
What is the value of 9 + -5 + -3 - 8?
-7
Calculate (0 - (-1 + 1)) + -5.
-5
Evaluate -14 + 3 + -1 + 6.
-6
What is the value of (11 - 5 - 3) + (0 - -2)?
5
What is the value of -5 + 6 - (3 + -4 - 2)?
4
What is (1 - (-3 - -2)) + -3 + 0?
-1
What is the value of -44 + 43 + 0 + 5 + 2?
6
What is 3 - ((-2 - 2) + 9)?
-2
What is the value of -1 + -2 + 2 + 0?
-1
-10 + (1 + -3 - -7)
-5
Evaluate (2 - 0) + (6 - 12).
-4
What is the value of 6 + -2 - (-4 + 2 - -5)?
1
Evaluate 224 + -223 + (-8 - 0) + 1.
-6
What is -4 - (-9 + -5 + 7)?
3
Calculate 2 + (0 - (4 + -1)).
-1
Evaluate (4 - (12 - (-2 + 5))) + 0.
-5
What is the value of (5 - 5) + (7 + -2 - 2)?
3
(-2 - -7) + -1 + 11 + -8
7
Calculate -3 + 9 + -3 - 4.
-1
Evaluate -3 + 13 - (8 - 3